**2 - 10 + 0*d**2. Let s = -139 + 131. Calculate q(s).
-2
Let h = 93 - 87. Let d(t) = -t**3 + 5*t**2 + 5*t + 13. Give d(h).
7
Let w(a) = a**3 + a**2 + 8. Let k be 4/((-16)/4)*(0 - 0). Give w(k).
8
Let z(w) be the third derivative of -11*w**2 + 0 - w**3 + 0*w - 1/12*w**4. Calculate z(-6).
6
Let u(l) = 0 - 7 - 10*l + 1 + 0*l**2 - 3 - l**2. Determine u(-7).
12
Let s(w) be the third derivative of -w**6/120 + w**5/60 + w**4/8 - w**3/6 + w**2 - 9*w. Give s(4).
-37
Let k(p) = -p + 6. Let b(x) = x**2 - 6*x + 10. Let g be b(4). Suppose -4*t = -5*m - 19, g*t - 3*m + 7 = 16. Calculate k(t).
0
Let y(i) = 19*i - 31. Let q(m) = -41*m + 63. Let p(d) = -6*q(d) - 13*y(d). Give p(10).
15
Suppose -4*u - 5*w = -65, 0 = 3*u - 4*w - 45 + 35. Let s(h) = 3*h**3 - 2*h + 12 - 2*h**3 - 9*h**2 - 9*h. What is s(u)?
2
Let b(q) = -12*q - 19. Let g(l) = 5*l + 9. Let n(s) = 3*b(s) + 7*g(s). Give n(5).
1
Let z(t) = -19*t**2 + 4*t**2 + 0*t**2 - 24*t - 16 + 13*t**2. Determine z(-11).
6
Suppose 5*y - 14 = -4. Let q(r) = r - 2*r**y + r**2 - 9 - 342*r**3 + 343*r**3. Calculate q(0).
-9
Let s(i) = -7*i + 1. Let p(d) = d. Suppose -22 = 9*w + 14. Suppose 0 = -0*k + 4*k + 4. Let u(m) = k*s(m) + w*p(m). What is u(1)?
2
Let a(u) = -5*u**3 - 8*u**2 + 11. Let v(d) = -4*d**3 - 7*d**2 - d + 10. Let c = -124 - -129. Let g(j) = c*a(j) - 6*v(j). Determine g(4).
-13
Suppose 5*v = -84 + 54. Let i(q) = -q**2 - 6*q + 8. Calculate i(v).
8
Let u(d) be the third derivative of -d**5/120 - d**4/4 - 13*d**3/3 - 23*d**2. Let o(z) be the first derivative of u(z). What is o(9)?
-15
Suppose -2*z + 2*y = -12 - 8, -2*z - 4*y = -32. Let p(d) = -d**3 + 7*d**2 + d + z*d**2 - 25*d**2. What is p(-6)?
-6
Let s(x) = 8*x - 2*x - 2*x**2 - 3 + 3*x**2. Let d be 15 + ((-2)/4 - 2/4). Let t(n) = 2*n**2 - 27*n - 17. Let l be t(d). What is s(l)?
-12
Suppose -25 = -72*k + 97*k. Let d(m) = 27*m**3 - m**2 + 1. What is d(k)?
-27
Let y(n) = -n**3 + 12*n**2 + 15*n - 13. Suppose -4*k - 4 = 0, -4*i + k + 54 = 1. What is y(i)?
13
Let y(k) = -3*k + 15. Let n(i) = 2. Let h(v) = -5*n(v) + y(v). Calculate h(7).
-16
Let m(a) = 552 - 537 - 3*a + 5*a - 2*a + a. Determine m(-5).
10
Let s(m) = -m**2 + 7*m + 5. Let l(y) = -y**3 + 13*y**2 - 13*y + 11. Let o be l(12). Let i be (o - -7) + 1/(-1). Suppose 0*d - i*d + 35 = 0. Give s(d).
5
Suppose -f + 2 = -3*f, 2*f + 38 = -w. Let y = w + 63. Suppose -4*g - 4*x + 32 = 0, -5*x + 4 = -4*g + y. Let t(p) = -p**3 + 6*p**2 + 6*p + 6. Calculate t(g).
-1
Let q(v) = v**2 + 5*v - 5. Suppose -5*s = 5*j + 375, -3*s + j - 253 = -3*j. Let p be (-1 - (-39)/33) + s/11. What is q(p)?
9
Let h(t) = -t**3 + t**2 + t - 1. Let d(v) = -v**2 - 9*v + 8. Let a be d(-9). Let u = a - 4. Suppose -u*k + 8 = 4. Determine h(k).
0
Let k(s) be the third derivative of -s**5/60 - 13*s**4/24 - 5*s**3 + 95*s**2 + s. Determine k(-11).
-8
Let y(p) = 11*p**2 - 5*p**3 - 3*p**2 + p + 7 - 7*p**2 - 9. Calculate y(1).
-5
Let c(h) = -6*h + 5*h + 1 + h + 16*h**2. Suppose 2 = -y + 1. Calculate c(y).
17
Let f(t) = -11*t**2 - 12*t + 9. Let o(r) = -20*r**2 - 23*r + 17. Let w(s) = 11*f(s) - 6*o(s). Determine w(5).
2
Let m(b) = -7*b - 13. Suppose 0 = -3*c - 15. Let r(t) = -8*t - 10. Let s(j) = -j + 1. Let n(d) = -r(d) + 2*s(d). Let i(g) = c*m(g) - 6*n(g). Determine i(0).
-7
Let x be 1/((20/24)/5). Let d(w) = 2*w + 17 - 7*w + x*w. Calculate d(0).
17
Suppose -9*z - 78 = -3*g - 12*z, 5*z = 3*g - 78. Let h(k) = g*k + 3 + 7 - 11. Calculate h(1).
25
Let p(d) = 21*d**2 + 6*d + 7. Let z(w) = 26*w**2 + 7*w + 8. Let h(x) = -5*p(x) + 4*z(x). Let n(m) = -m**3 - 7*m**2 + m + 3. Let q be n(-7). Determine h(q).
-11
Let p(b) = b. Suppose -4*v + 6 = -3*v. Suppose -3*g = -3*t + 18, 0 = 3*t - 6 - v. Let k be (-1)/g + (-22)/4. Give p(k).
-5
Suppose -11*x + 17*x = 12. Let g(k) = -4*k**2 + 3*k - 2. What is g(x)?
-12
Let r(q) = 26*q**3 - q - 7. Suppose 37 = -3*w - k + 5*k, -w = 3*k - 5. Let a(v) = -39*v**3 + v + 10. Let f(y) = w*r(y) - 5*a(y). Calculate f(1).
14
Suppose 2*r + 0*r - 10 = 0. Let k(g) = 2*g**3 - 3*g**3 - 5 + g + 3 + r*g**2 + 0*g. Calculate k(5).
3
Let i(j) = -4882 + 9765 - 4878 + 4*j. Determine i(-5).
-15
Let g(j) = 15*j + 2. Let h(c) = 28*c + 4. Let r(u) = -11*g(u) + 6*h(u). Give r(-5).
-13
Let w(j) = -3*j - 19. Let k be w(-8). Let i(q) = -14*q + 2 + 37*q - k + 2. Determine i(-1).
-24
Let v(m) = m**3 + 7*m**2 + 6*m - 3. Suppose 5 = -5*d - 10. Let s be d/(-4*(-2)/16). Calculate v(s).
-3
Let i be 6 - (-20)/(7 + -2). Let j(b) = b**2 - 9*b - 11. Let d be j(i). Let t be (1 - d)*(7 + -4). Let q(f) = -f**2 + 7*f + 3. Determine q(t).
9
Let r be (-1)/(((-1)/(-38))/(1/2)). Let v(s) = -s**3 - 20*s**2 - 18*s + 8. What is v(r)?
-11
Let h(o) = -11*o - 10. Let k be h(-8). Let l be (5 + k/(-18))/(4/6). Let y(g) = -25*g + 4. Let x(r) = -17*r + 3. Let d(w) = 7*x(w) - 5*y(w). Determine d(l).
7
Let n(c) be the second derivative of -c**4/12 + 5*c**3/3 - 9*c**2/2 - 75*c. Give n(7).
12
Let l = 245 - 239. Let i(y) = y**2 - y + 4. Determine i(l).
34
Let l(j) = -23*j - 7. Suppose k = -3*w - 63 + 66, 5*k + 3*w + 9 = 0. Determine l(k).
62
Let n(i) = -4*i - 14. Suppose -5*y + 14*y = -45. Give n(y).
6
Let k(r) be the first derivative of r**4 + r**2/2 + 1. Let c be k(1). Suppose c*o - 3*p - 5 = -14, -4*p = 3*o + 17. Let y(i) = i**2 + 3*i + 4. Calculate y(o).
4
Let r(q) = -4*q + 2 + 3*q + 49*q**3 - 50*q**3. Let p(u) = -u**3 + 12*u**2 - u + 13. Let d be p(12). Let t = d - -1. Determine r(t).
-8
Let u(i) = -4*i**2 - 9*i + 8. Let b be u(-3). Let p(y) = 33*y**3 - 2*y - 1. Calculate p(b).
-32
Let v(x) = -8*x**2 + 1. Suppose 15*a - 10 = 5*a. Calculate v(a).
-7
Let o(z) = z**2 - 5*z**2 - 3*z**2 + z**3 + 7*z - 2*z**2 - 8 + 2*z. Suppose 0 = y - 8 - 0. Calculate o(y).
0
Suppose -5*c = -3*g + 9, 0 = g - c + 5*c + 14. Let q(m) = -1. Let s(b) = -5*b + 5. Let o(x) = 5*q(x) + s(x). Give o(g).
10
Let u(c) = -c + 2. Let n(s) = -3*s - 1. Let d(h) = n(h) - 2*u(h). Calculate d(-11).
6
Suppose 3*v - 4*y = -2, 0 = 2*v - 5*y + 3*y. Let m(i) = 6*i**v + 5*i - 8*i**2 - 3 - 1. Calculate m(3).
-7
Let f(x) be the third derivative of x**6/120 + x**5/10 + x**4/6 - x**3/2 - 38*x**2. Let u = 1 - -19. Suppose 3*t = i + u, -5*i - 5 = -0*t + 4*t. What is f(i)?
2
Let s(w) = -2*w**2 - 5*w + 1. Let o = -144 + 140. What is s(o)?
-11
Let s(o) be the third derivative of 1/10*o**5 + 0*o + 5/24*o**4 + o**3 - 1/120*o**6 + 3*o**2 + 0. Calculate s(7).
-8
Let g be (64/24)/((-1)/3). Suppose 2*q = -2*k - 18, 3*k + 0*q - 5*q = -19. Let h be (g - k) + (-10)/(-2). Let y(w) = w**3 - 5*w**2 + 4. Calculate y(h).
4
Suppose 55 - 424 = 41*u. Let s(d) = -d**2 - 9*d - 13. What is s(u)?
-13
Let d(w) = -w**3 + w**2 + w - 2. Let y = 1941 + -1943. Calculate d(y).
8
Let x(l) = 9*l + 2. Let j(s) = 2*s**3 + 12*s**2 - 2*s - 15. Let t be j(-6). Calculate x(t).
-25
Let y(h) = -h**3 - 6*h**2 - 7*h + 9. Let a be y(-4). Let c(x) = -3*x**2 + 2*x + 5. Determine c(a).
-60
Let z(v) = -74*v**3 - v - 67*v**3 - 9*v**2 + 11 + 142*v**3. Determine z(9).
2
Let q(z) be the second derivative of z**3/6 + z**2 - 3*z + 26. What is q(-2)?
0
Let r(t) = -10*t**2 - t**3 + 10*t**2 - 2*t**2 + 0*t**2 + 5*t + 4. Let k(m) = -3*m + 3. Let b be k(2). Give r(b).
-2
Let o = -32 + 34. Let w(n) = -2 - 4*n**o + 2*n**2 + 3*n**2 + 10*n + 8. Calculate w(-5).
-19
Let m(v) = 2*v**2 - 20*v + 4. Suppose -601 = -2*d - 581. Give m(d).
4
Let b(a) = 6*a + 27*a + 16 - 32*a. Suppose -4*k - 14 - 30 = 0. Let d be b(k). Let z(h) = h + 2. What is z(d)?
7
Suppose -9 = -3*v - 3, -3*w + 6 = 3*v. Let o(h) = -2 - 8*h**2 + 5*h + 15*h**2 + 1. Let b(k) = k**2 + k - 1. Let g(q) = 6*b(q) - o(q). Determine g(w).
-5
Suppose a = 5*r + 18, 5*r + 10*a = -65 + 25. Let m(g) = 3 - 3*g - g + 0 - g**2. Calculate m(r).
3
Let u(r) be the third derivative of r**6/120 - 11*r**5/60 - r**4/12 + 5*r**3/6 - 55*r**2 + 2. Determine u(11).
-17
Let i(j) = j**3 - 24*j**2 + 2*j - 58. Let g be i(24). Let q(a) = -a**3 - 10*a**2 - a + 1. Determine q(g).
11
Let y(v) = 7*v + 2. Let j(g) = -2*g - 1. Let q(o) = 22*j(o) + 6*y(o). What is q(-7)?
4
Let l = -133 - -241. Suppose 29*a - 32*a + l = 0. Let w be 2/(-9) - 28/a. Let x(b) = -2*b**2 - b - 1. What is x(w)?
-2
Let h(x) be the first derivative of x**4/4 + 7*x**3/3 - x**2/2 - 8*x + 1. Let g = 1973 + -1980. Determine h(g).
-1
Let q(z) be the third derivative of z**6/120 + z**5/60 + z**4/12 + z**3 - 3